8
What is 300240304 (base 5) in base 14?
22a400
-40120151 (base 6) to base 3
-2010102022111
-456553 (base 7) to base 11
-56319
What is 20203504 (base 6) in base 2?
10001100101100000000
-250003 (base 8) to base 4
-111000003
Convert -139682 (base 11) to base 7.
-1564616
Convert 5155066 (base 7) to base 4.
2113011010
Convert -2120012102 (base 4) to base 3.
-1011122120212
What is -4378c (base 15) in base 4?
-310110330
What is -20531525 (base 6) in base 2?
-10010011001110101101
What is a369792 (base 11) in base 9?
37381217
-10230012 (base 5) to base 12
-41b01
Convert 63602 (base 10) to base 9.
106218
-676423 (base 8) to base 7
-1641360
Convert 10221001303 (base 4) to base 2.
100101001000001110011
What is -16243 (base 12) in base 4?
-13223103
Convert 9ccce (base 15) to base 5.
111432034
11110154 (base 7) to base 3
1210210112122
-47b24 (base 12) to base 8
-274614
Convert a504b (base 15) to base 16.
7fbbc
612cc (base 14) to base 2
111001000101010100
What is -13311074 (base 9) in base 7?
-106526413
Convert a71d (base 15) to base 13.
13126
Convert e7e359 (base 15) to base 7.
162533013
-125179 (base 13) to base 11
-28036a
What is -32996 (base 10) in base 13?
-12032
-13a905 (base 12) to base 10
-329621
Convert -290c9 (base 13) to base 11.
-52995
Convert -2122332330 (base 4) to base 11.
-3a3a42
What is 254105 (base 8) in base 3?
11110220012
What is -61420314 (base 7) in base 6?
-301551023
What is -891473 (base 10) in base 3?
-1200021212112
Convert 27766 (base 9) to base 16.
49a4
What is a7239 (base 14) in base 3?
202111220222
What is -1036747 (base 9) in base 12?
-2299a4
What is -53111 (base 11) in base 7?
-441312
What is -1114031014 (base 5) in base 4?
-21133001300
What is 264ed9 (base 16) in base 9?
4645743
11585 (base 12) to base 14
86b3
100000000000100001110011 (base 2) to base 8
40004163
-3122032412 (base 5) to base 10
-6439732
-83176 (base 11) to base 3
-20011102112
Convert 13210011102 (base 4) to base 10.
1982802
What is 1041042231 (base 5) in base 15?
301b61
What is 163454 (base 9) in base 10?
100975
Convert -1541845 (base 9) to base 12.
-3524b8
3201301 (base 4) to base 8
34161
92884 (base 14) to base 16
56294
What is 20031231231 (base 4) in base 6?
114053033
Convert 7503b (base 16) to base 9.
810415
257315 (base 14) to base 12
521133
What is 55674 (base 10) in base 9?
84330
1134596 (base 12) to base 7
40042620
-d6955 (base 15) to base 13
-1aa968
Convert 10700625 (base 8) to base 14.
448017
Convert -36323312 (base 7) to base 13.
-8926a0
343603 (base 8) to base 4
130132003
1040624 (base 7) to base 4
133021031
Convert -18c606 (base 13) to base 12.
-262b39
Convert 2102423423 (base 5) to base 7.
51623644
What is 4648219 (base 12) in base 11?
7704331
1a52a (base 15) to base 9
140304
-41224344 (base 7) to base 5
-1340424123
What is c36ee (base 16) in base 6?
25053554
-251807 (base 10) to base 6
-5221435
What is 6880324 (base 9) in base 8?
16125377
What is 18a88 (base 12) in base 13?
13583
-1611332 (base 8) to base 3
-212112220120
Convert -a95aa1 (base 14) to base 11.
-3270445
Convert -57313173 (base 8) to base 4.
-233121121323
What is 34134012 (base 5) in base 12?
126ba6
What is -164232c (base 14) in base 12?
-37a5344
10302852 (base 9) to base 10
4962269
What is -316373 (base 14) in base 11?
-a3aa80
Convert -10339793 (base 11) to base 15.
-1b58ea0
44143313 (base 6) to base 9
2431740
Convert 433817 (base 9) to base 4.
333022222
5501533 (base 7) to base 8
2442174
What is -1011103 (base 5) in base 16?
-4013
What is -14524270 (base 8) in base 6?
-155054200
Convert 493960 (base 11) to base 10.
781121
-1844a4 (base 11) to base 7
-2262166
149719 (base 10) to base 5
14242334
What is -86002 (base 9) in base 12?
-28aa8
What is b4164 (base 14) in base 16?
69eac
-2222231 (base 4) to base 14
-3da5
14ab27 (base 15) to base 9
1781161
Convert -144706 (base 11) to base 10.
-225792
What is 1524144 (base 6) in base 9?
145141
What is -2500111 (base 6) in base 5?
-13212420
What is -2481b (base 12) in base 11?
-34264
-123299 (base 10) to base 11
-84700
What is -4265734 (base 8) in base 15?
-17844e
-110011110100101011 (base 2) to base 7
-1542566
What is 61450 (base 11) in base 8?
257164
-446046 (base 7) to base 11
-5432a
-10000222101022 (base 3) to base 2
-110001001111011110011
What is 3205243 (base 6) in base 9?
257850
What is -2132221133 (base 4) in base 10?
-649823
What is 1064414 (base 7) in base 14?
369b4
Convert 2115503 (base 6) to base 14.
29ab5
Convert 3230166 (base 8) to base 11.
540465
1203083 (base 9) to base 5
131324201
Convert -1001011011010001 (base 2) to base 14.
-100db
What is -49667b (base 14) in base 8?
-11457545
Convert 12153541 (base 6) to base 12.
1688b1
What is 13a51 (base 15) in base 14?
18db6
d8785c (base 14) to base 3
111202220000100
What is fe2c (base 16) in base 5?
4040233
117908 (base 12) to base 5
33023333
Convert -11345041 (base 6) to base 15.
-70824
Convert -13125d7 (base 14) to base 10.
-9188081
What is 271054 (base 8) in base 3?
11210222210
-d4745 (base 14) to base 7
-4231115
-13400111101 (base 5) to base 2
-1000001100101000111101001
What is 553516 (base 8) in base 9?
313357
-2010220021211 (base 3) to base 10
-1139638
Convert -b329d6 (base 15) to base 2.
-100000011110100110111000
Convert -105906 (base 10) to base 16.
-19db2
What is -52553641 (base 7) in base 2?
-10000111110100001100101
What is 413134230 (base 5) in base 9?
3160403
-5c9c6 (base 14) to base 6
-4510402
What is -1532eb (base 15) in base 10?
-1023296
Convert 341244 (base 6) to base 14.
a712
What is -62897 (base 14) in base 4?
-322001311
-226026 (base 8) to base 10
-76822
Convert 12220020122 (base 3) to base 9.
186218
What is -3206435 (base 7) in base 3?
-201202101112
What is 11296126 (base 10) in base 4?
223011311332
What is 270a974 (base 13) in base 5?
11120320010
What is 560504 (base 9) in base 11?
209784
Convert 33a7a (base 16) to base 4.
303221322
107185 (base 11) to base 3
22122222212
Convert 82691a (base 12) to base 6.
111450034
-13200330 (base 4) to base 11
-21142
What is -61b184 (base 14) in base 2?
-1100100100101001110000
Convert -105132034 (base 7) to base 15.
-85ea97
Convert -3024532 (base 6) to base 8.
-430410
-1450003220 (base 6) to base 3
-1021020111000010
51305435 (base 6) to base 10
1470911
What is -2245005 (base 6) in base 9?
-184835
3234a3 (base 12) to base 2
11000001110011111011
What is 189431 (base 10) in base 16?
2e3f7
What is 32045527 (base 8) in base 2?
11010000100101101010111
What is -1aba1 (base 13) in base 5?
-3140041
-6621335 (base 9) to base 13
-977096
What is -310311132 (base 4) in base 6?
-4345530
333432301 (base 5) to base 11
912888
-514010 (base 7) to base 13
-30c80
Convert -22166711 (base 8) to base 12.
-1725a89
What is -231472 (base 9) in base 8?
-417223
Convert 110110010111111110 (base 2) to base 13.
7a4b2
What is -11292b (base 13) in base 16?
-6312e
Convert 5230c0 (base 13) to base 14.
37db8a
-350317 (base 10) to base 2
-1010101100001101101
Convert 23438068 (base 9) to base 2.
101011100100100101010010
What is -378c1 (base 15) in base 3?
-100000110101
Convert 1001110100110000 (base 2) to base 12.
1b354
-10000110101110000001 (base 2) to base 5
-120124214
208bc (base 13) to base 9
88373
4653 (base 12) to base 9
11670
What is -426a (base 16) in base 5?
-1021002
-1f57d (base 16) to base 8
-372575
What is 1046520 (base 7) in base 8?
375042
49479a2 (base 11) to base 7
133065560
b2aaa (base 12) to base 7
1660441
Convert 1622538 (base 9) to base 15.
12bd55
What is -13434034 (base 5) in base 10?
-139894
What is 26533002 (base 7) in base 4?
21110333001
What is -3b89a (base 15) in base 6?
-4032001
Convert b25811 (base 13) to base 16.
3f6160
What is -179a3d (base 15) in base 8?
-4277101
What is 3505006 (base 7) in base 12?
191a67
Convert 4e9226 (base 15) to base 13.
a232a0
Convert 13223013012 (base 4) to base 8.
7530706
11135305 (base 7) to base 12
3a7791
Convert -1123112212 (base 5) to base 16.
-26ec94
What is 870a69 (base 14) in base 12?
1646899
30141420 (base 5) to base 13
85468
Convert 2210011202 (base 5) to base 13.
cab693
-11001011 (base 5) to base 16
-16eb9
What is 1000110011011110011 (base 2) in base 12?
11ab57
186a801 (base 11) to base 13
869380
Convert 293259 (base 11) to base 6.
13453054
What is -645506 (base 7) in base 13?
-3c221
Convert -2011